{"id":235,"date":"2020-08-03T20:59:05","date_gmt":"2020-08-03T20:59:05","guid":{"rendered":"http:\/\/www.carlosbretschneider.de\/?page_id=235"},"modified":"2020-08-03T21:03:47","modified_gmt":"2020-08-03T21:03:47","slug":"nachtwanderung-jochberg","status":"publish","type":"page","link":"https:\/\/www.carlosbretschneider.de\/?page_id=235","title":{"rendered":"Nachtwanderung Jochberg"},"content":{"rendered":"\n<p>Der <strong>Jochberg (1565m)<\/strong> am Walchensee ist eine der bekanntesten Wanderungen der Bayerischen Voralpen. Einerseits wegen der N\u00e4he der Wanderung zu M\u00fcnchen. Andererseits wegen des super Panoramas, insbesondere&nbsp;auf alle bekannte Seen im Umkreis und viele bekannte Berge, wie dem benachbarten <a href=\"https:\/\/www.carlosbretschneider.de\/?page_id=218\">Herzogstand<\/a>,&nbsp;Benediktenwand, Schafreuter&nbsp;und viele mehr.<\/p>\n\n\n\n<p>Am Scheitel des Kesselberges geht es gut sichtbar und ausgeschildert Richtung Osten in den Wald hinein. wir folgen <strong>immer der Beschilderung Richtung Jochberg<\/strong> bis zum Gipfel. Gleich zu Beginn geht es steil los und der Weg schl\u00e4ngelt sich mit zunehmender H\u00f6he im Wald begauf. Nach ca. 1h ergibt sich schon ein super Blick auf den Kochelsee und dar\u00fcber hinaus. Wir steigen weiter an und lassen ein Schild nach rechts Richtung Jocheralm liegen. Es geht links bergauf und wir erreichen nach ca. 1:30h den sonnigen, grasigen Gipfelhang, dem wir bis zum super Aussichtsgipfel folgen. Leider war es bei unserem Besuch so windig dass Fotografieren unm\u00f6glich war.<\/p>\n\n\n\n<ul class=\"wp-block-list\"><li>Anfahrt von M\u00fcnchen: 70km \/ ca. 1:05h<\/li><li>Aufstieg: ca. 1:45h<\/li><li>Abstieg: ca. 1:45h<\/li><li>H\u00f6henmeter: ca. 750m<\/li><\/ul>\n\n\n<p><div class=\"leaflet-map WPLeafletMap\" style=\"height:250px; width:100%;\"><\/div><script>\nwindow.WPLeafletMapPlugin = window.WPLeafletMapPlugin || [];\nwindow.WPLeafletMapPlugin.push(function WPLeafletMapShortcode() {\/*<script>*\/\nvar baseUrl = atob('aHR0cHM6Ly97c30udGlsZS5vcGVuc3RyZWV0bWFwLm9yZy97en0ve3h9L3t5fS5wbmc=');\nvar base = (!baseUrl && window.MQ) ?\n    window.MQ.mapLayer() : L.tileLayer(baseUrl,\n        L.Util.extend({}, {\n            detectRetina: 0,\n        },\n        {\"subdomains\":\"abc\",\"noWrap\":false,\"maxZoom\":20}        )\n    );\n    var options = L.Util.extend({}, {\n        layers: [base],\n        attributionControl: false\n    },\n    {\"zoomControl\":false,\"scrollWheelZoom\":false,\"doubleClickZoom\":false,\"fitBounds\":false,\"minZoom\":0,\"maxZoom\":20,\"maxBounds\":null,\"attribution\":\"<a href=\\\"http:\\\/\\\/leafletjs.com\\\" title=\\\"Eine Javascript-Bibliothek f\\u00fcr interaktive Karten\\\">Leaflet<\\\/a>; \\\\r\\\\n\\u00a9 <a href=\\\"http:\\\/\\\/www.openstreetmap.org\\\/copyright\\\">OpenStreetMap<\\\/a> Mitwirkende\"},\n    {});\nwindow.WPLeafletMapPlugin.createMap(options).setView([47.6216511,11.3492444],12);});<\/script><br \/>\n<script>\nwindow.WPLeafletMapPlugin = window.WPLeafletMapPlugin || [];\nwindow.WPLeafletMapPlugin.push(function WPLeafletMarkerShortcode() {\/*<script>*\/\nvar map = window.WPLeafletMapPlugin.getCurrentMap();\nvar group = window.WPLeafletMapPlugin.getCurrentGroup();\nvar marker_options = window.WPLeafletMapPlugin.getIconOptions({});\nvar marker = L.marker(\n    [0,0],\n    marker_options\n);\nvar is_image = map.is_image_map;\n    marker.setLatLng( map.getCenter() );\nif (marker_options.draggable) {\n    marker.on('dragend', function () {\n        var latlng = this.getLatLng();\n        var lat = latlng.lat;\n        var lng = latlng.lng;\n        if (is_image) {\n            console.log('leaflet-marker y=' + lat + ' x=' + lng);\n        } else {\n            console.log('leaflet-marker lat=' + lat + ' lng=' + lng);\n        }\n    });\n}\nmarker.addTo( group );\nwindow.WPLeafletMapPlugin.markers.push( marker );\n        });<\/script><\/p>\n","protected":false},"excerpt":{"rendered":"<p>Der Jochberg (1565m) am Walchensee ist eine der bekanntesten Wanderungen der Bayerischen Voralpen. Einerseits wegen der N\u00e4he der Wanderung zu M\u00fcnchen. Andererseits wegen des super Panoramas, insbesondere&nbsp;auf alle bekannte Seen im Umkreis und viele bekannte Berge, wie dem benachbarten Herzogstand,&nbsp;Benediktenwand, Schafreuter&nbsp;und viele mehr. Am Scheitel des Kesselberges geht es gut sichtbar und ausgeschildert Richtung Osten &hellip; <\/p>\n<p><a class=\"more-link btn\" href=\"https:\/\/www.carlosbretschneider.de\/?page_id=235\">Weiterlesen<\/a><\/p>\n","protected":false},"author":1,"featured_media":0,"parent":0,"menu_order":0,"comment_status":"closed","ping_status":"closed","template":"","meta":{"footnotes":""},"class_list":["post-235","page","type-page","status-publish","hentry","nodate","item-wrap"],"_links":{"self":[{"href":"https:\/\/www.carlosbretschneider.de\/index.php?rest_route=\/wp\/v2\/pages\/235","targetHints":{"allow":["GET"]}}],"collection":[{"href":"https:\/\/www.carlosbretschneider.de\/index.php?rest_route=\/wp\/v2\/pages"}],"about":[{"href":"https:\/\/www.carlosbretschneider.de\/index.php?rest_route=\/wp\/v2\/types\/page"}],"author":[{"embeddable":true,"href":"https:\/\/www.carlosbretschneider.de\/index.php?rest_route=\/wp\/v2\/users\/1"}],"replies":[{"embeddable":true,"href":"https:\/\/www.carlosbretschneider.de\/index.php?rest_route=%2Fwp%2Fv2%2Fcomments&post=235"}],"version-history":[{"count":3,"href":"https:\/\/www.carlosbretschneider.de\/index.php?rest_route=\/wp\/v2\/pages\/235\/revisions"}],"predecessor-version":[{"id":241,"href":"https:\/\/www.carlosbretschneider.de\/index.php?rest_route=\/wp\/v2\/pages\/235\/revisions\/241"}],"wp:attachment":[{"href":"https:\/\/www.carlosbretschneider.de\/index.php?rest_route=%2Fwp%2Fv2%2Fmedia&parent=235"}],"curies":[{"name":"wp","href":"https:\/\/api.w.org\/{rel}","templated":true}]}}