{"id":251,"date":"2020-08-03T21:20:19","date_gmt":"2020-08-03T21:20:19","guid":{"rendered":"http:\/\/www.carlosbretschneider.de\/?page_id=251"},"modified":"2023-01-17T22:03:39","modified_gmt":"2023-01-17T22:03:39","slug":"elektro-starklichtlampe","status":"publish","type":"page","link":"https:\/\/www.carlosbretschneider.de\/?page_id=251","title":{"rendered":"Elektro Starklichtlampe"},"content":{"rendered":"\n<figure class=\"wp-block-image size-large\"><img loading=\"lazy\" decoding=\"async\" width=\"1024\" height=\"683\" src=\"https:\/\/www.carlosbretschneider.de\/wp-content\/uploads\/2020\/08\/Scheinbergspitze-2020-4140-1-1024x683.jpg\" alt=\"\" class=\"wp-image-209\" srcset=\"https:\/\/www.carlosbretschneider.de\/wp-content\/uploads\/2020\/08\/Scheinbergspitze-2020-4140-1-1024x683.jpg 1024w, https:\/\/www.carlosbretschneider.de\/wp-content\/uploads\/2020\/08\/Scheinbergspitze-2020-4140-1-300x200.jpg 300w, https:\/\/www.carlosbretschneider.de\/wp-content\/uploads\/2020\/08\/Scheinbergspitze-2020-4140-1-768x512.jpg 768w\" sizes=\"auto, (max-width: 1024px) 100vw, 1024px\" \/><figcaption class=\"wp-element-caption\">Elektro Starklichtlampe als Begleiter auf einer Nachtwanderung<\/figcaption><\/figure>\n\n\n\n<p>Eine alte Petromaxx Starklichtlampe, die ein Freund von mir vom Sperrm\u00fcll gerettet hat.<\/p>\n\n\n\n<p>Sie wurde so umgebaut, dass die original Bedienelemente beibehalten wurde. Im Rapid Starter ist der Einund ausschalter verbaut, im Druckregler ein Dimmer. Geladen wird \u00fcber den Stecker im Petroleumf\u00fcllstutzen.<\/p>\n\n\n\n<p>Die Lithiumzellen befinden sich im ehemaligen Petroleumtank und halten bei voller Helligkeit \u00fcber 12 Stunden.<\/p>\n\n\n\n<figure class=\"wp-block-image size-large\"><img loading=\"lazy\" decoding=\"async\" width=\"467\" height=\"1024\" src=\"https:\/\/www.carlosbretschneider.de\/wp-content\/uploads\/2023\/01\/IMG_20200225_125659-1-467x1024.jpg\" alt=\"\" class=\"wp-image-412\" srcset=\"https:\/\/www.carlosbretschneider.de\/wp-content\/uploads\/2023\/01\/IMG_20200225_125659-1-467x1024.jpg 467w, https:\/\/www.carlosbretschneider.de\/wp-content\/uploads\/2023\/01\/IMG_20200225_125659-1-137x300.jpg 137w, https:\/\/www.carlosbretschneider.de\/wp-content\/uploads\/2023\/01\/IMG_20200225_125659-1-768x1684.jpg 768w, https:\/\/www.carlosbretschneider.de\/wp-content\/uploads\/2023\/01\/IMG_20200225_125659-1-700x1536.jpg 700w, https:\/\/www.carlosbretschneider.de\/wp-content\/uploads\/2023\/01\/IMG_20200225_125659-1-934x2048.jpg 934w, https:\/\/www.carlosbretschneider.de\/wp-content\/uploads\/2023\/01\/IMG_20200225_125659-1-750x1645.jpg 750w, https:\/\/www.carlosbretschneider.de\/wp-content\/uploads\/2023\/01\/IMG_20200225_125659-1-scaled.jpg 1167w\" sizes=\"auto, (max-width: 467px) 100vw, 467px\" \/><\/figure>\n\n\n\n<figure class=\"wp-block-image size-large\"><img loading=\"lazy\" decoding=\"async\" width=\"467\" height=\"1024\" src=\"https:\/\/www.carlosbretschneider.de\/wp-content\/uploads\/2023\/01\/IMG_20200224_190710-1-467x1024.jpg\" alt=\"\" class=\"wp-image-413\" srcset=\"https:\/\/www.carlosbretschneider.de\/wp-content\/uploads\/2023\/01\/IMG_20200224_190710-1-467x1024.jpg 467w, https:\/\/www.carlosbretschneider.de\/wp-content\/uploads\/2023\/01\/IMG_20200224_190710-1-137x300.jpg 137w, https:\/\/www.carlosbretschneider.de\/wp-content\/uploads\/2023\/01\/IMG_20200224_190710-1-768x1684.jpg 768w, https:\/\/www.carlosbretschneider.de\/wp-content\/uploads\/2023\/01\/IMG_20200224_190710-1-700x1536.jpg 700w, https:\/\/www.carlosbretschneider.de\/wp-content\/uploads\/2023\/01\/IMG_20200224_190710-1-934x2048.jpg 934w, https:\/\/www.carlosbretschneider.de\/wp-content\/uploads\/2023\/01\/IMG_20200224_190710-1-750x1645.jpg 750w, https:\/\/www.carlosbretschneider.de\/wp-content\/uploads\/2023\/01\/IMG_20200224_190710-1-scaled.jpg 1167w\" sizes=\"auto, (max-width: 467px) 100vw, 467px\" \/><\/figure>\n","protected":false},"excerpt":{"rendered":"<p>Eine alte Petromaxx Starklichtlampe, die ein Freund von mir vom Sperrm\u00fcll gerettet hat. Sie wurde so umgebaut, dass die original Bedienelemente beibehalten wurde. Im Rapid Starter ist der Einund ausschalter verbaut, im Druckregler ein Dimmer. Geladen wird \u00fcber den Stecker im Petroleumf\u00fcllstutzen. Die Lithiumzellen befinden sich im ehemaligen Petroleumtank und halten bei voller Helligkeit \u00fcber &hellip; <\/p>\n<p><a class=\"more-link btn\" href=\"https:\/\/www.carlosbretschneider.de\/?page_id=251\">Weiterlesen<\/a><\/p>\n","protected":false},"author":1,"featured_media":0,"parent":0,"menu_order":0,"comment_status":"closed","ping_status":"closed","template":"","meta":{"footnotes":""},"class_list":["post-251","page","type-page","status-publish","hentry","nodate","item-wrap"],"_links":{"self":[{"href":"https:\/\/www.carlosbretschneider.de\/index.php?rest_route=\/wp\/v2\/pages\/251","targetHints":{"allow":["GET"]}}],"collection":[{"href":"https:\/\/www.carlosbretschneider.de\/index.php?rest_route=\/wp\/v2\/pages"}],"about":[{"href":"https:\/\/www.carlosbretschneider.de\/index.php?rest_route=\/wp\/v2\/types\/page"}],"author":[{"embeddable":true,"href":"https:\/\/www.carlosbretschneider.de\/index.php?rest_route=\/wp\/v2\/users\/1"}],"replies":[{"embeddable":true,"href":"https:\/\/www.carlosbretschneider.de\/index.php?rest_route=%2Fwp%2Fv2%2Fcomments&post=251"}],"version-history":[{"count":2,"href":"https:\/\/www.carlosbretschneider.de\/index.php?rest_route=\/wp\/v2\/pages\/251\/revisions"}],"predecessor-version":[{"id":414,"href":"https:\/\/www.carlosbretschneider.de\/index.php?rest_route=\/wp\/v2\/pages\/251\/revisions\/414"}],"wp:attachment":[{"href":"https:\/\/www.carlosbretschneider.de\/index.php?rest_route=%2Fwp%2Fv2%2Fmedia&parent=251"}],"curies":[{"name":"wp","href":"https:\/\/api.w.org\/{rel}","templated":true}]}}